r*c + 248 = 4*g + 2*c. List the prime factors of g.
61
Let c = 322 - 54. Suppose -z - c = -3*z. Suppose -4*k = 34 - z. What are the prime factors of k?
5
Suppose 0 = 13*u + 14828 - 55323. What are the prime factors of u?
5, 7, 89
Let w(v) = -v**2 + 2*v + 4. Let z be -3 + -2 + (5 - 0). Let h be w(z). Suppose h*q - 2*q - 50 = -s, q - 11 = -4*s. What are the prime factors of q?
3
Let q be ((-2)/3)/(36/(-162)). Suppose -q*m + 83 + 41 = 2*y, -2*y + 2*m + 134 = 0. What are the prime factors of y?
5, 13
Suppose -5*x = -d - 7901 - 14114, -x - 4*d = -4424. What are the prime factors of x?
2, 3, 367
Suppose -14*g + 2560 = -4*g. Suppose 5 - 2 = -5*t - 2*x, 5*t - 5*x + 10 = 0. What are the prime factors of t/(2*(-4)/g)?
2
Let v = -8 + 3. Let c(g) be the second derivative of g**4/12 - g**3/3 - 7*g**2/2 + 21*g. What are the prime factors of c(v)?
2, 7
Let g(f) = f**2 - 5*f - 5. Let s be g(7). Suppose -5*u = 2*t + 3, -7*u + 3*u = t + s. Suppose 6 = -8*y + t*y. List the prime factors of y.
2
Let r(a) = 10*a**2 - 17. List the prime factors of r(-6).
7
Let s(t) = 18*t**2 + 35*t - 298. What are the prime factors of s(9)?
5, 59
Let g = -112 + 117. Suppose 0 = 2*j - i - 470, 0 = -g*j + 4*i + i + 1170. List the prime factors of j.
2, 59
Let n = -24 - -29. Let o be (-6)/33 + 68/11. Suppose 3*l - 7 = -n*y, -y - o = -l + y. List the prime factors of l.
2
Suppose 18*h = 2300 + 11560. What are the prime factors of h?
2, 5, 7, 11
Let u(c) = -c**2 + 5*c - 1. Let m be u(2). Suppose -f + 52 = -m*f. List the prime factors of f/(-4)*(3 + 9).
3, 13
Let m(l) = l**3 + 25*l**2 + 3*l + 83. List the prime factors of m(-24).
587
Let i = -36 - -4203. What are the prime factors of i?
3, 463
Suppose -v - 358 = -3*m, -2*v - 598 = -3*m - 2*m. Suppose -3*u - 4*h + 354 = 0, 0*u = u + 5*h - m. What are the prime factors of u?
2, 59
Let p(x) = x**2 + 1. Let z be p(1). Suppose 0 = 2*f - 0*y + z*y + 14, -10 = f - 2*y. What are the prime factors of ((-6)/24)/(1/f)?
2
Let u(p) = 5*p**2 - 5*p + 24. Let j be u(-7). Suppose 0*r = 5*v - 4*r - 382, -j = -4*v + 4*r. List the prime factors of v.
2, 3, 13
Suppose 5*i - 2224 = -2*d, -14*i + 9*i + 3*d = -2239. What are the prime factors of i?
2, 223
Let w = -48 + 86. List the prime factors of w.
2, 19
Let h = -1117 + 2011. What are the prime factors of h?
2, 3, 149
Let t(w) = -w + 1. Let d(r) = -3*r - 9*r + r + r. Let k(h) = -d(h) + 4*t(h). List the prime factors of k(8).
2, 13
Let y = 138 + -92. Suppose 0 = -2*h + 5*s - 8, 2*s = -5*h - 3 - y. Let q(k) = k**3 + 10*k**2 + 4*k + 7. List the prime factors of q(h).
2, 13
Let j = 817 - -1051. What are the prime factors of j?
2, 467
Suppose 40 = 3*f + 31. Suppose 10*a - 1841 = f*a. List the prime factors of a.
263
Suppose 3*z + 17 = u, 30 = -5*z + 5. Suppose u*g - 7*g + 214 = -3*h, -3*h = 5*g - 226. List the prime factors of g/4 - (-3 - -2).
2, 3
Let t(l) = l**3 - 50*l**2 - 125*l - 81. List the prime factors of t(53).
1721
List the prime factors of 320/16 - (-1 + -2).
23
Let o(a) = -88*a + 65. List the prime factors of o(-8).
769
Let f = 991 + -698. List the prime factors of f.
293
Let t(a) = a**3 + 10*a**2 + 7*a + 3. Let x be 19 + (1 - 4/2). Let q = 9 - x. List the prime factors of t(q).
3, 7
Suppose 695 = -4*b + 3387. What are the prime factors of b?
673
Let w(r) = 13*r**3 + 6*r**2 + 3. What are the prime factors of w(3)?
2, 3, 17
Suppose 3*u + 11*g - 13*g - 4366 = 0, 0 = u + g - 1452. List the prime factors of u.
2, 727
Let c be 0 - -11 - (2 - 0). Let l(t) = 5*t - 3. What are the prime factors of l(c)?
2, 3, 7
Let u(z) = 62*z - 415. List the prime factors of u(12).
7, 47
What are the prime factors of (-2)/(-9) - (56676/(-108) - -16)?
509
Let i be -8*3/(-12) + (0 - -1). Suppose 771 = 4*b + s, -i*b + s = 3*s - 577. List the prime factors of b.
193
Let i(o) = -o**2 - 7*o - 6. Let d be i(-5). Let s = 516 - 488. Suppose s = d*t - 80. What are the prime factors of t?
3
Suppose 4*d - 12 - 16 = 0. Let y(c) = -c + 9. Let h be y(d). Suppose -40 = -0*t - h*t. List the prime factors of t.
2, 5
Suppose 3*z - 198 = 36. Suppose -32 = -2*k + z. What are the prime factors of k?
5, 11
Let c = 132 - 75. Let f = 76 - c. List the prime factors of f.
19
Let s(w) = w**3 + 13*w**2 - w - 9. Let a be s(-13). Suppose 242 = a*k - 838. List the prime factors of k.
2, 3, 5
Let s be (4 + -1)*(-32)/(-3). Let f be (-10)/(-5) + -2 + 4/2. Suppose -s = -f*c + c. What are the prime factors of c?
2
Suppose 0 = h + 4*h - 10. Suppose -176 = -h*f + 4*x, 3*f - 4*x = 7*f - 316. What are the prime factors of f?
2, 41
Suppose -2*d = -3593 + 1295. What are the prime factors of d?
3, 383
Let n(u) = u**2 - 12*u + 14. Let k be n(10). What are the prime factors of (-2)/k - (-406)/6?
2, 17
Suppose -2*q + 4*q = 3*f + 624, -1248 = -4*q + 5*f. Suppose 0 = -2*d + j - 2*j + q, 4*j + 612 = 4*d. List the prime factors of d.
5, 31
Suppose 1859 + 2686 = 3*j. What are the prime factors of j?
3, 5, 101
Let u(n) = -8*n + 0*n + 7*n + 5*n**2 + n**2. List the prime factors of u(1).
5
Suppose 2 = b - 3. Suppose -b*w - 3*v = -2*v - 47, 5 = w - 2*v. Suppose -3*c = w - 39. What are the prime factors of c?
2, 5
Let h(i) = i**2 + 3*i - 3. Let a = 25 + -20. List the prime factors of h(a).
37
Let y(d) = -d**3 - 13*d**2 + 55*d - 20. List the prime factors of y(-17).
3, 67
Let k(x) = 4*x**2 - 15*x - 40. What are the prime factors of k(-12)?
2, 179
Suppose -6*y = -y + 5*m - 740, -158 = -y - 3*m. What are the prime factors of y?
11, 13
Let r(w) = -w**2 - 19*w - 11. Let g = 0 + -15. What are the prime factors of r(g)?
7
Suppose -5*y - 119 = o, 5*y + 5*o - 15 = -130. Let p be ((-108)/24)/(2/y). What are the prime factors of -1 + p/2 - 0?
2, 13
Let u be (-2)/(-4)*(-5 + -5). Let m = u - -15. List the prime factors of 8/m*(-20)/(-8).
2
Let v = -190 + 287. List the prime factors of v.
97
Let d(z) = z**3 - 6*z**2 + 6*z + 1. Let x be d(5). Suppose -x = -v - 0. List the prime factors of v.
2, 3
Let s(q) = q**2 + 10*q + 2. What are the prime factors of s(5)?
7, 11
Suppose 0 = -4*f + 6*f, 3*f = 3*q - 2985. Suppose 28*d = 33*d - q. What are the prime factors of d?
199
Suppose -y - 2*y + 15 = 0. Let o(f) = 4*f**2 - 5*f + 1. Let u(t) = -5*t**2 + 6*t. Let n(m) = y*u(m) + 6*o(m). List the prime factors of n(0).
2, 3
Let v = -72 - -126. Suppose -3*o + 0*o = -v. What are the prime factors of o?
2, 3
Suppose 0 = d - 2*d - 4*i + 1221, -5*d - 2*i = -6195. List the prime factors of d.
17, 73
Let q = 1084 + -612. Suppose 0 = 5*i - q + 72. List the prime factors of i.
2, 5
Let k = 31 - -113. Suppose 0 = -4*z + k + 436. What are the prime factors of z?
5, 29
Let a(x) = -x**2 + 124*x + 23. What are the prime factors of a(25)?
2, 1249
Let w(l) = 21*l - 62. Let x be w(7). List the prime factors of x/2*84/14.
3, 5, 17
Suppose -2*m = 37 - 7. What are the prime factors of ((-230)/m)/(2/3)?
23
Let x(b) = b**2 + 14*b + 12. Let k(v) = -6*v**2 + 6*v - 3. Let j be k(2). List the prime factors of x(j).
3
Suppose -2*m = 3*r + 301 - 1619, -4*r - 5*m + 1755 = 0. What are the prime factors of r?
2, 5, 11
Let b = 448 + -203. Suppose -6*h + b = -37. What are the prime factors of h?
47
Let y(u) = -u + 5*u - 289*u**3 - 6*u + 53*u**3 - 2. What are the prime factors of y(-1)?
2, 59
Let o = -231 - -419. What are the prime factors of o?
2, 47
Let y = 8 - 8. Suppose -4*u + 66 + 86 = y. What are the prime factors of u?
2, 19
What are the prime factors of (262/(-6))/((-497)/(-63) + -8)?
3, 131
Suppose -140*g - 87401 = -616601. What are the prime factors of g?
2, 3, 5, 7
Suppose 0 = -5*x - 13 - 2, -5*l + x + 1053 = 0. What are the prime factors of l?
2, 3, 5, 7
Let g = -93 - -108. Suppose -6*r - 846 = -g*r. What are the prime factors of r?
2, 47
Let a be -1*73 - (21 - 22). List the prime factors of 1 - (5 + a) - 4.
2
Let w = 12 - 35. Let k be (-4 + 5/(-10))*-10. Let z = k + w. What are the prime factors of z?
2, 11
Suppose 28*j - 29*j + 2497 = -4*w, 0 = 4*j - 2*w - 10030. List the prime factors of j.
13, 193
Suppose -v - 5*v - 12 = 0. Let b be v/(-17) - (-56078)/187. Suppose -8*f + b = -4*f. List the prime factors of f.
3, 5
Let v(g) = -g**3 + 12*g**2 + 3*g - 21. Let z be v(12). Suppose -19*p = -z*p - 356. List the prime factors of p.
89
Let p = -179 + 286. Let m = p - -61. What are the prime factors of m?
2, 3, 7
Suppose 4 = 2*f, 